{"id":60,"date":"2025-12-22T10:35:15","date_gmt":"2025-12-22T10:35:15","guid":{"rendered":"https:\/\/cercle-egyptologie.be\/?page_id=60"},"modified":"2026-01-23T15:01:41","modified_gmt":"2026-01-23T15:01:41","slug":"nos-rendez-vous","status":"publish","type":"page","link":"https:\/\/cercle-egyptologie.be\/index.php\/nos-rendez-vous\/","title":{"rendered":"Nos rendez-vous"},"content":{"rendered":"\n<figure class=\"wp-block-image aligncenter size-full is-resized has-custom-border is-style-default wp-duotone-unset-1\"><img loading=\"lazy\" decoding=\"async\" width=\"1040\" height=\"585\" src=\"https:\/\/cercle-egyptologie.be\/wp-content\/uploads\/2026\/01\/IbisEtPhilae-3.jpg\" alt=\"\" class=\"wp-image-284\" style=\"border-style:none;border-width:0px;border-top-left-radius:0px;border-top-right-radius:0px;border-bottom-left-radius:0px;border-bottom-right-radius:0px;aspect-ratio:16\/9;object-fit:cover;width:414px\" srcset=\"https:\/\/cercle-egyptologie.be\/wp-content\/uploads\/2026\/01\/IbisEtPhilae-3.jpg 1040w, https:\/\/cercle-egyptologie.be\/wp-content\/uploads\/2026\/01\/IbisEtPhilae-3-300x169.jpg 300w, https:\/\/cercle-egyptologie.be\/wp-content\/uploads\/2026\/01\/IbisEtPhilae-3-1024x576.jpg 1024w, https:\/\/cercle-egyptologie.be\/wp-content\/uploads\/2026\/01\/IbisEtPhilae-3-768x432.jpg 768w\" sizes=\"auto, (max-width: 1040px) 100vw, 1040px\" \/><\/figure>\n\n\n\n<h2 class=\"wp-block-heading has-text-color has-link-color wp-elements-7883a996ce244d9cf3cd502d82848c31\" style=\"color:#3b2099\">Cours de lecture des hi\u00e9roglyphes<\/h2>\n\n\n<p class=\"Title2\">Les cours se donnent le samedi, de septembre \u00e0 juin.<\/p>\n<p class=\"Title2\"><u>Session\u00a0<b>2025-2026<\/b><\/u><\/p>\n<p class=\"Title2\"><u>Pour la 1\u00e8re ann\u00e9e<\/u>, de 14h00 \u00e0 17h00.\u00a0\u00a0<u>Pour la 2\u00e8me ann\u00e9e<\/u>, de 09h30 \u00e0 12h00.<\/p>\n<p class=\"Title2\"><u><b>2025\u00a0<\/b><\/u>: 20\/09 (rentr\u00e9e et premier cours gratuit) &#8211; 18\/10 &#8211; 15\/11 &#8211; 06\/12<\/p>\n<p class=\"Title2\"><u><b>2026\u00a0<\/b><\/u>: 10\/01 &#8211; 14\/02 &#8211; 07\/03 &#8211; 21\/03 &#8211; 11\/04 &#8211; 09\/05 &#8211; 23\/05 &#8211; 13\/06 (fin de la session)<\/p>\n<p class=\"Title2\"><u>Et pour les \u00e9l\u00e8ves plus avanc\u00e9s, dates des s\u00e9minaires<\/u>\u00a0: les dimanches de 14h00 \u00e0 17h00<\/p>\n<p class=\"Title2\"><u><b>2025\u00a0<\/b><\/u>: 21\/09 (rentr\u00e9e) &#8211; 16\/11<\/p>\n<p class=\"Title2\"><u><b>2026\u00a0<\/b><\/u>: 11\/01 &#8211; 22\/03 &#8211; 14\/06 (fin de la session)<\/p>\n\n\n<h2 class=\"wp-block-heading has-text-color has-link-color wp-elements-94bd5c56d525b17d1bdddd0573879cf1\" style=\"color:#3b2099\">Nouveau : cours d&rsquo;\u00e9pigraphie<\/h2>\n\n\n<p class=\"Title2\">Ces cours sont accessibles aux \u00e9tudiants ayant suivi les 2 premi\u00e8res ann\u00e9es et peuvent \u00eatre cumul\u00e9s avec les s\u00e9minaires<\/p>\n<p class=\"Title2\"><u><b>2025\u00a0<\/b><\/u>: 04\/10 (rentr\u00e9e) &#8211; 08\/11 &#8211; 13\/12<\/p>\n<p class=\"Title2\"><u><b>2026\u00a0<\/b><\/u>: 31\/01 &#8211; 28\/02 &#8211; 28\/03 &#8211; 25\/04 &#8211; 30\/05 (fin de la session)<\/p>\n\n\n<h2 class=\"wp-block-heading has-text-color has-link-color wp-elements-26d590de4952b221c9ce93a860ad806d\" style=\"color:#3b2099\">Les locaux<\/h2>\n\n\n<p class=\"Title2\">Deux sites \u00e0 proximit\u00e9 de la Grand-Place de Tournai :<\/p>\n<p class=\"Title2\">&#8211; L&rsquo;Imp\u00e9ratrice, rue des Maux 12\/b<\/p>\n<p class=\"Title2\">&#8211; Maison des Associations, Rue de la Wallonie 25<\/p>","protected":false},"excerpt":{"rendered":"<p>Cours de lecture des hi\u00e9roglyphes Les cours se donnent le samedi, de septembre \u00e0 juin. Session\u00a02025-2026 Pour la 1\u00e8re ann\u00e9e, de 14h00 \u00e0 17h00.\u00a0\u00a0Pour la 2\u00e8me ann\u00e9e, de 09h30 \u00e0 12h00. 2025\u00a0: 20\/09 (rentr\u00e9e et premier cours gratuit) &#8211; 18\/10 &#8211; 15\/11 &#8211; 06\/12 2026\u00a0: 10\/01 &#8211; 14\/02 &#8211; 07\/03 &#8211; 21\/03 &#8211; 11\/04 &#8211; [&hellip;]<\/p>\n","protected":false},"author":1,"featured_media":0,"parent":0,"menu_order":0,"comment_status":"closed","ping_status":"closed","template":"","meta":{"footnotes":""},"class_list":["post-60","page","type-page","status-publish","hentry"],"_links":{"self":[{"href":"https:\/\/cercle-egyptologie.be\/index.php\/wp-json\/wp\/v2\/pages\/60","targetHints":{"allow":["GET"]}}],"collection":[{"href":"https:\/\/cercle-egyptologie.be\/index.php\/wp-json\/wp\/v2\/pages"}],"about":[{"href":"https:\/\/cercle-egyptologie.be\/index.php\/wp-json\/wp\/v2\/types\/page"}],"author":[{"embeddable":true,"href":"https:\/\/cercle-egyptologie.be\/index.php\/wp-json\/wp\/v2\/users\/1"}],"replies":[{"embeddable":true,"href":"https:\/\/cercle-egyptologie.be\/index.php\/wp-json\/wp\/v2\/comments?post=60"}],"version-history":[{"count":13,"href":"https:\/\/cercle-egyptologie.be\/index.php\/wp-json\/wp\/v2\/pages\/60\/revisions"}],"predecessor-version":[{"id":296,"href":"https:\/\/cercle-egyptologie.be\/index.php\/wp-json\/wp\/v2\/pages\/60\/revisions\/296"}],"wp:attachment":[{"href":"https:\/\/cercle-egyptologie.be\/index.php\/wp-json\/wp\/v2\/media?parent=60"}],"curies":[{"name":"wp","href":"https:\/\/api.w.org\/{rel}","templated":true}]}}