{"id":35,"date":"2025-12-22T10:02:51","date_gmt":"2025-12-22T10:02:51","guid":{"rendered":"https:\/\/cercle-egyptologie.be\/?page_id=35"},"modified":"2026-01-06T09:23:12","modified_gmt":"2026-01-06T09:23:12","slug":"qui-sommes-nous","status":"publish","type":"page","link":"https:\/\/cercle-egyptologie.be\/index.php\/qui-sommes-nous\/","title":{"rendered":"Qui sommes-nous ?"},"content":{"rendered":"\n<figure class=\"wp-block-image aligncenter size-full is-resized\"><img loading=\"lazy\" decoding=\"async\" width=\"1040\" height=\"585\" src=\"https:\/\/cercle-egyptologie.be\/wp-content\/uploads\/2026\/01\/IbisEtPhilae-1.jpg\" alt=\"\" class=\"wp-image-278\" style=\"object-fit:cover;width:414px;height:auto\" srcset=\"https:\/\/cercle-egyptologie.be\/wp-content\/uploads\/2026\/01\/IbisEtPhilae-1.jpg 1040w, https:\/\/cercle-egyptologie.be\/wp-content\/uploads\/2026\/01\/IbisEtPhilae-1-300x169.jpg 300w, https:\/\/cercle-egyptologie.be\/wp-content\/uploads\/2026\/01\/IbisEtPhilae-1-1024x576.jpg 1024w, https:\/\/cercle-egyptologie.be\/wp-content\/uploads\/2026\/01\/IbisEtPhilae-1-768x432.jpg 768w\" sizes=\"auto, (max-width: 1040px) 100vw, 1040px\" \/><\/figure>\n\n\n\n<p><\/p>\n\n\n\n<div class=\"wp-block-group alignfull has-accent-background-color has-background has-global-padding is-layout-constrained wp-container-core-group-is-layout-669513ed wp-block-group-is-layout-constrained\" style=\"margin-top:0;margin-bottom:0;padding-top:var(--wp--preset--spacing--50);padding-right:var(--wp--preset--spacing--50);padding-bottom:var(--wp--preset--spacing--50);padding-left:var(--wp--preset--spacing--50)\">\n<div class=\"wp-block-columns alignwide is-layout-flex wp-container-core-columns-is-layout-1da03c2a wp-block-columns-is-layout-flex\">\n<div class=\"wp-block-column is-vertically-aligned-stretch is-layout-flow wp-block-column-is-layout-flow\" style=\"flex-basis:50%\">\n<div class=\"wp-block-group is-vertical is-content-justification-stretch is-layout-flex wp-container-core-group-is-layout-444d5ee8 wp-block-group-is-layout-flex\" style=\"min-height:100%\">\n<p class=\"has-heading-font-family has-medium-font-size\" style=\"line-height:1.7\">L&rsquo;initiateur de ce cours de lecture des hi\u00e9roglyphes est le d\u00e9funt Professeur Max Guilmot, Docteur en philosophie et lettres et \u00e9gyptologue. Il avait \u00e9mis le souhait que son oeuvre de vulgarisation scientifique lui survive, en mettant \u00e0 la port\u00e9e de tout un chacun une science qu&rsquo;il avait lui-m\u00eame re\u00e7ue du c\u00e9l\u00e8bre \u00e9gyptologue belge Jean Capart dans les ann\u00e9es 1930. Jean Capart avait en effet \u00e0 coeur de partager sa passion pour l&rsquo;Egypte ancienne aux jeunes gens qui fr\u00e9quentaient les galeries des Mus\u00e9es Royaux d&rsquo;Art et d&rsquo;Histoire au Cinquantenaire.&nbsp; C&rsquo;est \u00e0 la faveur d&rsquo;une rencontre dans la section \u00e9gyptologique qu&rsquo;il a initi\u00e9 Max Guilmot, alors adolescent, \u00e0 l&rsquo;\u00e9gyptologie. Le jeune \u00e9tudiant a ensuite su tirer parti des le\u00e7ons du ma\u00eetre &#8230;<\/p>\n\n\n\n<p class=\"has-heading-font-family has-medium-font-size\" style=\"line-height:1.7\">C&rsquo;est bien plus tard, en juillet 1980, que les cours furent cr\u00e9\u00e9s.  Ils furent dispens\u00e9s \u00e0 Bruxelles par le professeur Guilmot lui-m\u00eame, \u00e0 destination d&rsquo;un public d&rsquo;amateurs.  Notre Cercle d&rsquo;Egyptologie, qui en est le prolongement, a vu le jour en 1997, deux ann\u00e9es apr\u00e8s le d\u00e9c\u00e8s du professeur.<\/p>\n\n\n\n<p class=\"has-heading-font-family has-medium-font-size\" style=\"line-height:1.7\">Au fil du temps, le contenu des cours a bien s\u00fbr beaucoup \u00e9volu\u00e9, mais l&rsquo;esprit demeure intact.&nbsp; Ils font le tour de la grammaire \u00e9gyptienne en \u00e9vitant les \u00e9cueils des cas trop particuliers.&nbsp; Il en r\u00e9sulte une mati\u00e8re accessible \u00e0 tous sans pour cela avoir suivi une formation particuli\u00e8re.&nbsp; Ils sont donn\u00e9s en termes simples sans exclure une rigueur indispensable, garantie par le parcours des enseignants, issus du Cercle d&rsquo;Egyptologie puis form\u00e9s \u00e0 l&rsquo;Universit\u00e9 de Strasbourg et \u00e0 l&rsquo;Institut Kh\u00e9ops de Paris.&nbsp;<\/p>\n<\/div>\n<\/div>\n\n\n\n<div class=\"wp-block-column is-vertically-aligned-center is-layout-flow wp-block-column-is-layout-flow\" style=\"flex-basis:50%\">\n<figure class=\"wp-block-image size-full is-style-rounded is-style-rounded--1\"><img loading=\"lazy\" decoding=\"async\" width=\"627\" height=\"843\" src=\"https:\/\/cercle-egyptologie.be\/wp-content\/uploads\/2025\/12\/BNF077-3.jpg\" alt=\"st\u00e8le \u00e9gyptienne, Deir el Medineh, 19\u00e8me dynastie, Khonsou, Nebra et Amenemop\u00e9, mus\u00e9e de Turin.  Hi\u00e9roglyphes \u00e9gyptiens\" class=\"wp-image-47\" style=\"aspect-ratio:3\/4;object-fit:cover\" srcset=\"https:\/\/cercle-egyptologie.be\/wp-content\/uploads\/2025\/12\/BNF077-3.jpg 627w, https:\/\/cercle-egyptologie.be\/wp-content\/uploads\/2025\/12\/BNF077-3-223x300.jpg 223w\" sizes=\"auto, (max-width: 627px) 100vw, 627px\" \/><\/figure>\n<\/div>\n<\/div>\n<\/div>\n","protected":false},"excerpt":{"rendered":"<p>L&rsquo;initiateur de ce cours de lecture des hi\u00e9roglyphes est le d\u00e9funt Professeur Max Guilmot, Docteur en philosophie et lettres et \u00e9gyptologue. Il avait \u00e9mis le souhait que son oeuvre de vulgarisation scientifique lui survive, en mettant \u00e0 la port\u00e9e de tout un chacun une science qu&rsquo;il avait lui-m\u00eame re\u00e7ue du c\u00e9l\u00e8bre \u00e9gyptologue belge Jean Capart [&hellip;]<\/p>\n","protected":false},"author":1,"featured_media":0,"parent":0,"menu_order":0,"comment_status":"closed","ping_status":"closed","template":"","meta":{"footnotes":""},"class_list":["post-35","page","type-page","status-publish","hentry"],"_links":{"self":[{"href":"https:\/\/cercle-egyptologie.be\/index.php\/wp-json\/wp\/v2\/pages\/35","targetHints":{"allow":["GET"]}}],"collection":[{"href":"https:\/\/cercle-egyptologie.be\/index.php\/wp-json\/wp\/v2\/pages"}],"about":[{"href":"https:\/\/cercle-egyptologie.be\/index.php\/wp-json\/wp\/v2\/types\/page"}],"author":[{"embeddable":true,"href":"https:\/\/cercle-egyptologie.be\/index.php\/wp-json\/wp\/v2\/users\/1"}],"replies":[{"embeddable":true,"href":"https:\/\/cercle-egyptologie.be\/index.php\/wp-json\/wp\/v2\/comments?post=35"}],"version-history":[{"count":13,"href":"https:\/\/cercle-egyptologie.be\/index.php\/wp-json\/wp\/v2\/pages\/35\/revisions"}],"predecessor-version":[{"id":280,"href":"https:\/\/cercle-egyptologie.be\/index.php\/wp-json\/wp\/v2\/pages\/35\/revisions\/280"}],"wp:attachment":[{"href":"https:\/\/cercle-egyptologie.be\/index.php\/wp-json\/wp\/v2\/media?parent=35"}],"curies":[{"name":"wp","href":"https:\/\/api.w.org\/{rel}","templated":true}]}}